ppose -3*f = 2*f - 20. Calculate the remainder when 7 is divided by 6/f*t/(-3).
3
Let r(g) = 2*g**3 + 6*g**2 + 5 - 3*g**3 + 4*g + 4*g. Suppose 5*v = 3*v + 14. What is the remainder when r(v) is divided by 7?
5
Suppose 59 = 4*c - 21. Let a be (-44)/c - (-2)/10. Let d(q) = q**3 + 5*q**2 + 3*q. Calculate the remainder when d(a) is divided by 4.
2
Suppose -y - 5 = -49. Calculate the remainder when y is divided by 5*(0 - -1)*3.
14
Suppose q = 4*f + 28 + 20, 2*q - 31 = -5*f. Let x(j) = 8*j - 1. Let y be (-10)/(-6) + 2/6. Calculate the remainder when q is divided by x(y).
13
Suppose 2*r = -r + 45. Suppose -2*j + p = -62, -149 = -5*j - 2*p + 3*p. Calculate the remainder when j is divided by r.
14
Let r = -24 + 43. Let u = 12 + -2. What is the remainder when r is divided by u?
9
Suppose -2*y + 0*y = -6. Calculate the remainder when 35 is divided by ((y - 0) + -12)/(-1).
8
Suppose -5*w + 14 + 11 = 0. What is the remainder when 28 is divided by w?
3
Let l = -14 - -25. Let m = l - 4. Calculate the remainder when 11 is divided by m.
4
Suppose -80 = -5*k + 4*w, w = 3*k - 31 - 17. Calculate the remainder when 111 is divided by k.
15
Let t(g) = -g**2 + 11*g - 14. Let l be t(10). Calculate the remainder when (-193)/l - 6/24 is divided by 17.
14
Let x = 22 - -4. Calculate the remainder when 49 is divided by x.
23
Let p = 15 - 8. Suppose -n + 20 + 20 = 0. What is the remainder when n is divided by ((-1)/(-3))/(p/294)?
12
Let v = 36 - 19. Suppose -224 = -3*p - 26. What is the remainder when p is divided by v?
15
Suppose 0 = -4*i + b - 4 + 9, -4*i + 2*b + 10 = 0. Calculate the remainder when 78 is divided by (i + -1)*(-40)/2.
18
Suppose -4*p - 4*v + 39 = p, 3*p - v = 20. Calculate the remainder when p is divided by 4.
3
Let m = -7 + 67. Let s = m - 40. What is the remainder when 39 is divided by s?
19
Let m(n) = -12*n - 12 - 7*n**2 - 4*n**2 + 5*n**2 - 7*n**2 + n**3. What is the remainder when 30 is divided by m(14)?
14
Let i = 20 + -16. Suppose -3*q + 5*c + 5 + 8 = 0, 4*q + i*c - 28 = 0. What is the remainder when 10 is divided by q?
4
Let h = -8 - -12. Suppose z + 27 = 4*z. Calculate the remainder when z is divided by h.
1
Suppose 6*m = -0*m + 228. What is the remainder when m is divided by 8?
6
Let y = 184 + -90. Let h = -7 + 10. Suppose h*l - y + 25 = 0. Calculate the remainder when l is divided by 8.
7
Let s be 2*(-2 - (3 + -6)). Suppose s*l + 5*z = 99, l = -3*z + 14 + 33. What is the remainder when l is divided by 16?
14
Let p(t) = 2*t + 3. Calculate the remainder when p(10) is divided by 5.
3
Suppose -2*v = 5*d + 1, 7 - 2 = 4*v + 3*d. What is the remainder when v is divided by 2?
0
Let w(o) be the second derivative of -o**3/6 + o**2 - o. Suppose -20 = -6*i + 2*i. What is the remainder when i is divided by w(0)?
1
Suppose -r = -4*r + 51. What is the remainder when 48 is divided by r?
14
Let n(x) = -2*x**3 - 23*x**2 - 10*x + 16. Suppose -5*l = -3*f - 98, -4*f = -0*f + 4. What is the remainder when l is divided by n(-11)?
4
Suppose 2*n - 4*h = -2*n + 268, 5*n - 335 = -5*h. Calculate the remainder when n is divided by 14.
11
Let s(h) = 4*h**2 - 3*h + 10. Calculate the remainder when s(4) is divided by 8.
6
Let h = 100 + -58. Suppose 5*y = -7 - 3, -4*y + 22 = 2*i. Calculate the remainder when h is divided by i.
12
Suppose 4*r - 24 - 22 = -3*i, -2*i - 2*r + 34 = 0. Let u be -1 + -4 - (-2)/(-1). Let m = 15 + u. Calculate the remainder when i is divided by m.
6
Suppose -a + 30 = a. Let c(d) = -5*d - 1. What is the remainder when c(-6) is divided by a?
14
Suppose 3*f - 3*h = f + 38, 4*f - h - 86 = 0. Let c(y) = y**2 - 6*y + 5. Calculate the remainder when f is divided by c(7).
10
Suppose -5*a + 18 = -4*d, d - a + 0 + 4 = 0. Let v = d - -19. Let r = 243 - 210. What is the remainder when r is divided by v?
16
Let y(s) = s - 2. Let v be 2/3*12 + -1. What is the remainder when 19 is divided by y(v)?
4
Let x(g) = g**2 - 12*g - 15. Calculate the remainder when x(-12) is divided by 25.
23
Let p(m) = 66*m**2 - 1. Calculate the remainder when p(-1) is divided by -1 + (46/1)/2.
21
Suppose 0 = -4*z - 4*v + 7 - 191, -z - 52 = -5*v. Let t = z - -100. Calculate the remainder when t is divided by 14.
11
Let w = -1 - -7. What is the remainder when 15 is divided by w?
3
Suppose 0 = -14*j + 8*j + 72. Calculate the remainder when 56 + 1 + (0 - 0) is divided by j.
9
Let b(w) = 5*w + 5 - 12*w + 2. Suppose -3*v - 26 = 4*z, 3*z - 13 = -5*v - 49. What is the remainder when b(v) is divided by 25?
24
Suppose 6*t - 138 - 66 = 0. Calculate the remainder when t is divided by 11.
1
Suppose 69 = 3*x - 3*w, 3*x - 17 = -3*w + 46. Calculate the remainder when x is divided by 2/4 + (-30)/(-4).
6
Let y(h) = 2*h**2 - 7*h. Calculate the remainder when 58 is divided by y(5).
13
Let k(d) be the first derivative of d**3/3 + d**2/2 + 5*d - 7. Calculate the remainder when k(6) is divided by 16.
15
Suppose 0 = 3*g + 3 - 0. Let h(c) be the third derivative of -19*c**6/120 - c**4/24 - c**3/6 - 2*c**2. Calculate the remainder when h(g) is divided by 10.
9
Let c(o) = 7*o - 17. Calculate the remainder when c(14) is divided by 12.
9
Suppose -2*s + 3*n = -24, 0 = 3*s - 4*s - 3*n + 30. Suppose o + 5*m = -2, -2*m = -0*m. Let j = o + 12. Calculate the remainder when s is divided by j.
8
Suppose -5*b + 3*h = -13, 0 = 4*b - 2*h + 3*h - 24. What is the remainder when 18 is divided by b?
3
Let k(m) = 4*m**2 - 7*m - 4. Let j be k(-6). Suppose 3 = u, 8*v - j = 3*v - 4*u. What is the remainder when v is divided by 9?
7
Let z = 121 + -87. Calculate the remainder when z is divided by 9.
7
Suppose -5*g + 3*g + 6 = 0. Suppose 16 = 2*v + 5*b - 31, v - g*b - 7 = 0. What is the remainder when 30 is divided by v?
14
Suppose b - 2 - 13 = -k, -2*b + 2*k + 38 = 0. Calculate the remainder when 65 is divided by b.
14
Let a = -198 - -293. What is the remainder when a is divided by 24?
23
Suppose 3*s - 485 = 5*o, 0 = -4*s - 4*o + 158 + 446. Suppose 3*d + 244 + s = 0. What is the remainder when d/(-5) - (-2)/5 is divided by 14?
13
Suppose -299 = u - 14*u. Calculate the remainder when 43 is divided by u.
20
Let h(w) = w**3 + 8*w**2 + 6*w. Let o be h(-7). Suppose -27 = -5*f - o. What is the remainder when 18 is divided by 43/f + (-12)/16?
8
Let f = -7 - -18. Suppose -2*u = 4*j - 26, -2*u + 2*j + 62 = 12. What is the remainder when u is divided by f?
10
Suppose o - 15 = -2*o, 2*w + o - 39 = 0. Suppose 2*d - w = d. Calculate the remainder when 49 is divided by d.
15
Suppose -3*x = -9 - 45. What is the remainder when x is divided by 10?
8
Suppose -25 = -3*w - 5*n, w - 64 = -3*w + n. Calculate the remainder when w is divided by 0 - (-8 - 0/(-5)).
7
Let d = 89 - 86. Let i = -10 + 17. What is the remainder when i is divided by d?
1
Let f = -6 - -9. Suppose 0 = 5*u - 3*n - 79, -u - 4*n + 12 = -13. Calculate the remainder when u is divided by -1 - (1 - f - 5).
5
What is the remainder when (-118)/3*(-30)/20 is divided by 30?
29
Suppose c = -3*u + 2*c + 33, c = -u + 7. Suppose 23 + u = 3*m. What is the remainder when m is divided by 4?
3
Suppose 6*y - 2*y = 4*c + 4, -19 = -4*y + c. Let z = 3 - 0. Suppose 67 = z*t + 4. What is the remainder when t is divided by y?
3
Suppose 7*q - 3*q = 4, -3*s + 17 = -q. Calculate the remainder when 10 is divided by s.
4
Let x(b) = -83*b**3 - b**2 + 3*b + 3. Calculate the remainder when x(-1) is divided by (-187)/(-9) + 8/36.
19
Let w = 171 - 110. What is the remainder when w is divided by 31?
30
Suppose -z = 2*w - 5*w - 13, -2*w - 4 = 4*z. Calculate the remainder when 4 is divided by z.
0
Let s be (-1)/2 - (-9)/(-6). Let c be s/(-11) + (-192)/(-33). Let j = c + 6. What is the remainder when 34 is divided by j?
10
Calculate the remainder when (-32)/(-1) - 4/(-2) is divided by (3/(2*-3))/((-6)/84).
6
Let g(n) = -n**2 + n + 64. What is the remainder when g(0) is divided by 22?
20
Let f = 10 + -6. Suppose -36 = -f*p + 8. Let o = 5 - 1. What is the remainder when p is divided by o?
3
Let f = 93 + -88. What is the remainder when 8 is divided by f?
3
Suppose -33 = -5*g - q + 42, -g + 3*q = -31. What is the remainder when 57 is divided by g?
9
Let f(c) = 5*c - 8. What is the remainder when 23 is divided by f(4)?
11
Suppose 3 = -2*z + z + 2*a, a = 2*z. Suppose v - 1 = 0, d + 0*d + v = 0. Let b = 0 - d. Calculate the remainde